1*k - 7. Let c be n(-12). Give r(c).
-15
Let t(l) = l + 8. Let o be t(-5). Suppose 2*r + o*r + 25 = 0. Let u(z) = z**2 + 7*z + 6. Let c(p) = p**2 + 8*p + 6. Let q(d) = -2*c(d) + 3*u(d). Give q(r).
6
Let a(o) be the second derivative of -5/12*o**4 - 1/20*o**5 + 4*o + 2*o**2 + 0 - 5/6*o**3. Give a(-4).
8
Let o be -4 + 2 + 4 + 0. Let y(d) = d + 7 - 2*d - o. Give y(4).
1
Let y(w) = w**2 - 5*w - 2. Let r = 8 + -4. Determine y(r).
-6
Suppose 4*l - 31 = -4*r + 29, 0 = 2*r + 5*l - 36. Suppose -3*m = -11 - 4. Suppose -r = m*q - 2*k, 0*k + 11 = -3*q + 2*k. Let f(b) = -3*b - 1. Calculate f(q).
2
Let q(h) = 11*h + 7. Let n(t) = -1. Let o(u) = 6*n(u) + q(u). Calculate o(-1).
-10
Let f(r) = -2*r**3 + 0*r**3 + 0*r**3 - 1 - 6*r**2 - 6*r + r**3. Give f(-5).
4
Let a(q) be the second derivative of q**5/20 + q**4/3 + q**3/6 - q**2 - 3*q. Let f be ((-6)/5)/(3/(-10)). Let u be 2/6*f*-3. Calculate a(u).
-6
Let v(i) = 2*i - 19. Let p(x) = 2*x - 18. Let s(m) = -6*p(m) + 5*v(m). Give s(9).
-5
Suppose w - 8*w - 14 = 0. Let j(o) = -o. Calculate j(w).
2
Let r(m) = 13*m**2 + 8*m - 12. Let p(f) be the third derivative of f**5/20 + f**4/12 - f**3/2 - 3*f**2. Let c(n) = 9*p(n) - 2*r(n). Determine c(2).
5
Let l(t) = t**2 - 6*t + 2. Let c(d) = -d**2 + 7*d - 2. Let i(s) = -6*c(s) - 7*l(s). Determine i(0).
-2
Let k(m) = m - 5. Suppose -2*x + x - z + 13 = 0, -2*z = -x + 22. Let g = -11 + x. Suppose 4*j = 3*s + 9, -g*j - 6 + 25 = 4*s. Calculate k(j).
-2
Let f be (-12)/(-20) - (-6)/(-10). Suppose f = 5*b + 7 + 3. Let w be ((-10)/4)/(b/(-4)). Let h(c) = c**2 + 5*c - 7. Determine h(w).
-7
Let w = 0 + 1. Suppose -3*z + 4 + 5 = 0. Let i(v) = -2*v**3 + v**3 - w + 2*v**z + 3*v**2 + 3*v - 7*v**2. Calculate i(2).
-3
Let d = -4 + -1. Let v(r) = 3*r. Let x(p) = p - 1. Let k(s) = -v(s) + x(s). Give k(d).
9
Let x be (-80)/(-12) - 4/6. Suppose 2*t = -0*t + 5*z + 22, 44 = 4*t + 3*z. Let w = t - x. Let g(p) = p**3 - 6*p**2 + 5*p - 1. Calculate g(w).
-1
Let f(u) = -u**3 - u**2 + 2*u + 1. Let l be f(0). Let c(b) = 3*b - 1. Calculate c(l).
2
Let p be 3/(-2)*(-8)/6. Suppose -p*u + 0*f + 2 = -2*f, -2*f + 4 = -u. Let a(x) = -x + 3. What is a(u)?
-3
Let z = -83 - -84. Let f(w) = 4*w**3 + w**2 - 1. Calculate f(z).
4
Let m be 6*(27/6 - 2). Suppose -f = -3*f, -3*j = -3*f - m. Let y be (2 + -1)/((-1)/j). Let h(d) = -d**3 - 5*d**2 + d + 6. What is h(y)?
1
Let a(s) = s - 10. Let w be a(13). Let f(q) = 5*q + 1 - 6 + w + q**3 + 5*q**2 + 6. What is f(-4)?
0
Let p(d) = 7*d - 3*d + 3*d - 3*d + 3. Give p(-2).
-5
Let f = 553/20 - 138/5. Let y(z) be the second derivative of 0 - 1/6*z**3 - 4*z - f*z**5 + 5/2*z**2 - 1/3*z**4. Determine y(-4).
9
Let f(o) = -4*o - 2. Let k = 11 - 13. Calculate f(k).
6
Let b(t) = 5*t - t**2 - 2*t + 3 + 0. Let y be ((-16)/(-10))/(4/10). Let x = 1 + y. What is b(x)?
-7
Let n(v) = -6*v**3 - 10*v**2 - 6*v - 3. Let w(l) = 5*l**3 + 9*l**2 + 6*l + 3. Let z(m) = -4*n(m) - 5*w(m). What is z(-4)?
5
Suppose -5*q = r, 3*q = 2*r - r + 8. Let h(g) = -4*g**2 + 2*g**2 + g**3 + 2*g**2. What is h(q)?
1
Let u(a) = 4*a**2 - 4 + 3 - 2*a**2 - 3*a**3 + 2*a**3. Let j = 30 - 31. Calculate u(j).
2
Suppose 2*x + 28 = 28. Let a(w) = -w + 5. Calculate a(x).
5
Suppose -y = 5*r - 0*y + 13, -4*r - 4 = 4*y. Let u(g) = -g**3 - 3*g**2 + 3*g + 1. Give u(r).
-8
Let n(p) = -p + 2. Let a be n(5). Let u(o) = -2*o - 5. Let l be u(-4). Let h(b) = -2 - b**2 + 4 + 2*b - l*b. Determine h(a).
-4
Let j(o) = -9*o**3 + o**2 - 2*o + 1. Suppose -9 = -5*c + 6. Let z be 2 + (-2 + -1)/c. Give j(z).
-9
Let z(n) be the third derivative of n**5/60 + n**4/24 + n**3/6 - 2*n**2. Let v be (-2 + 5)*-1 - -3. Calculate z(v).
1
Suppose 6 - 1 = 5*x - 3*y, 5*x + 4*y - 5 = 0. Let g(h) = 84*h**2 + 35*h. Let k(s) = 7*s**2 + 3*s. Let v(o) = 3*g(o) - 35*k(o). Calculate v(x).
7
Let z(i) = i - 4. Suppose 3*p - 8*p = -35. Give z(p).
3
Suppose -j - 4*j = 10. Let m(z) = 14*z**3 - 9*z**3 - 4*z**3 + 3 + z**2 + 2*z + 0. Give m(j).
-5
Let q(j) = 56*j + 54*j - 109*j + 2. Give q(0).
2
Let g(b) = -4*b + 2 - 3*b + 3*b. Suppose -5*w + 23 = -u, w - 11 = -2*w + 2*u. Suppose -4*y + w*s + 3 = 0, 0 = -4*y + y + 5*s + 1. Give g(y).
-6
Let f(s) be the third derivative of -s**4/24 + 10*s**2 - 1. Determine f(-5).
5
Let h(b) = b - 2. Let c(r) = r + 1. Let m(y) = 3*c(y) + h(y). Determine m(-2).
-7
Let j(o) = 11*o**3 + o**2 + 2*o + 1. Suppose 3 + 2 = -5*x. Give j(x).
-11
Let x(b) = -12*b**3 + 7*b**2 - 5*b - 9. Let n(l) = -6*l**3 + 4*l**2 - 3*l - 5. Let h(r) = 7*n(r) - 4*x(r). Let p = 473 - 472. Give h(p).
6
Let p(s) = -8*s**3 - 6*s**2 - 3*s + 14. Let f(d) = 3*d**3 + 2*d**2 + d - 5. Let a(l) = 11*f(l) + 4*p(l). Suppose 0 = -o - g, 2*g = -5*o + 2 + 7. Calculate a(o).
7
Let s be 4/6*(-3 - -6). Let y(a) = -5*a**2 + 2*a**2 + 3*a + a**2 + 0*a**s. Let h(k) = k**3 - 5*k**2 + 4*k + 2. Let j be h(4). Give y(j).
-2
Let d(k) = 3*k - 5. Let n be (147/(-6))/(-7)*(-2)/(-1). Determine d(n).
16
Let h(m) be the first derivative of m**3/3 + 2*m**2 - 5*m - 2. Let x be h(-6). Suppose -4*o + 23 - x = 0. Let d(r) = -r - 3. Give d(o).
-7
Let r(w) = 3*w**2 - 2*w - 1. Let u(o) = -o. Let k be u(3). Let p be (-2 + 1)/(2 + k). Suppose j + p = -0. Determine r(j).
4
Suppose 3*c - 1 = 2. Suppose t + 0*t - 2 = 0. Let o(m) = 8*m**2 - m**t + m**2. What is o(c)?
8
Let a = 3 + 1. Let x(n) = 3*n - 3. Give x(a).
9
Let a(z) = 6*z + z - 6 + 2*z - z**2 - z. Give a(6).
6
Let b(m) be the first derivative of -m**2/2 + 2*m - 7. Determine b(7).
-5
Let q(s) = -s**3 + 4*s**2 - 2*s - 1. Let v be q(2). Let h = -3 + v. Let a(r) = r + h*r - 2 + 0*r. What is a(-5)?
-7
Let x(j) = j + 5. Let r(c) = c + 6. Let g(h) = -3*r(h) + 4*x(h). What is g(0)?
2
Let x be ((-1)/(-1))/1*-6. Let t be 37/(-7) - x/21. Let c(h) = -h**3 - 6*h**2 - 7*h - 4. Give c(t).
6
Suppose -2*c - b + 58 = 3*c, -2*c + b + 26 = 0. Let d = c + -16. Let h(q) = 2*q**2 + 4*q - 3. Give h(d).
13
Let q(b) = b**3 + 6*b**2 - 3*b - 8. Let i(m) = -m**3 - 8*m**2 + 11*m + 12. Let r be i(-9). Let z = r - 0. What is q(z)?
10
Suppose 0 = -11*z + 6*z - 30. Let g(p) = -p**2 - 5*p + 7. What is g(z)?
1
Let a be 4/(-3 - 6/(-3)). Let s(t) = -t**3 - 5*t**2 + 5. What is s(a)?
-11
Let d(f) be the third derivative of -f**6/120 - f**5/60 - f**4/24 + f**3/6 + 7*f**2. Determine d(0).
1
Let y(n) = -n**3 + 7*n**2 - 5*n + 1. Suppose -2*g - 4 = q - 1, 0 = 3*q - 2*g - 31. Let o be (12/q)/(6/21). Give y(o).
7
Suppose 4*m = m - 4*o + 6, -4 = -2*m + 2*o. Let h(x) = x - 3*x**2 - 1 - x**3 + 1 + m. Suppose 2*p - 25 = 5*l, -4*l + 3 = p + 2*p. Calculate h(l).
-1
Let c(z) = -3*z + 3 - 2*z**2 + z**3 - 6*z**2 + 10*z**2 + 0*z. Determine c(-3).
3
Let z(p) = -p**2 - p + 1. Suppose -6 = 2*m - 4*m. Give z(m).
-11
Let a(f) = -f**2 + 3*f - 5. Let b be a(1). Let z(v) be the third derivative of -1/2*v**3 + 0*v + 0*v**4 + v**2 + 0 + 1/60*v**5. Determine z(b).
6
Let u(k) = -2*k - 5*k**3 - 7 - 5*k**2 - 2*k + 0*k + 6*k**3. Calculate u(6).
5
Let c(a) = 2*a**2 + 5*a. Let z(y) = -y. Let u(f) = -c(f) - 4*z(f). Suppose -3*n + 5*d + 18 = 0, -4*n + 2 + 8 = -2*d. What is u(n)?
-3
Let k(u) = u**3 + 2*u**2 - 2*u - 1. Suppose 0 = 4*c + m - 4, -2*c - 2*c - 8 = 4*m. Determine k(c).
11
Let a = 20 - 11. Let d be 16/(-6)*a/6. Let u(n) = n - 3. What is u(d)?
-7
Let s(a) = -a**2 - 10*a + 14. Let q be s(-11). Suppose -q*k - 10 = -2*c, -3*c + 4*k = -k - 16. Let o(j) = -2*j + 9*j + c*j. Determine o(1).
9
Let a(r) = -11 + 10 + 4 - r. Suppose -4*p - p = 0. What is a(p)?
3
Let d(y) be the first derivative of y**5/40 + y**4/24 + y**3/3 - 3. Let j(k) be the third derivative of d(k). Calculate j(-3).
-8
Let c(i) = 5*i**2 + 8. Let z(f) = -11*f**2 + f - 17. Let v(x) = 13*c(x) + 6*z(x). Determine v(6).
2
Let g(u) = 3*u**3 - 7*u**2 + 6*u + 6. Let l(d) = 18*d**2 - 4*d + d**3 - 19*d**2 + 4*d. Let m(r) = -g(r) + 4*l(r). Determine m(-4).
2
Let a(n) = n + 4. Let s(j) = -j**2 + 3*j + 7. Let x be s(5). Let p be a(x). Let m(k) = -2*k**2 + 1. Give m(p).
-1
Let r(m) be the third derivative of -m**6/120 + m**4/8 - m**3/6 - 2*m**2. Let d be 1 - 0 - (2 - 3). Give r(d).
-3
Let j = 0 - -2. Let h(g) = 2*g**3 + 3*g**2 - 2. Let w be h(1). Let o(y) = -y**j + y - y - 5*y + y + w. Determine o(2).
-9
Let v(u) = u + 1. Let l(o) = -o - 6. Let x(m) = l(m) + 2*v(m). Let h(k) = -5*k + 5*k + 5*k - 2*k - 9. Let d(p) = 2*h(p) - 5*x(p). Determine d(-5).
-3
Let l(r) = r**3 - 4*r**2 - 5*r 